{"id":31,"date":"2018-02-13T17:43:13","date_gmt":"2018-02-13T16:43:13","guid":{"rendered":"http:\/\/www.ises.pwr.edu.pl\/?page_id=31"},"modified":"2025-11-06T12:07:29","modified_gmt":"2025-11-06T11:07:29","slug":"committee","status":"publish","type":"page","link":"https:\/\/www.ises.pwr.edu.pl\/index.php\/en\/committee\/","title":{"rendered":"Committees"},"content":{"rendered":"\n<p id=\"block-826255a3-12d8-4295-97c3-d7ccfd02c9e9\"><strong style=\"color: #fd367e\">ORGANIZING COMMITTEE<\/strong><\/p>\n\n\n\n<p id=\"block-8159edb5-23e6-4f5c-b8ed-9c2bc401f6ef\"><strong>Chairpersons of the Organizing Committee<\/strong><br>Anna Jasi\u0144ska-Biliczak, Ph.D. &nbsp;<\/p>\n\n\n\n<p>Eng. Ma\u0142gorzata Pol, Ph.D.<\/p>\n\n\n\n<p id=\"block-8159edb5-23e6-4f5c-b8ed-9c2bc401f6ef\">Jaros\u0142aw Klebaniuk, Ph.D.<\/p>\n\n\n\n<p id=\"block-44310836-427c-4bd4-8d81-d20b3d947051\"><strong>Members of the Organizing Committee<\/strong><br>Rafa\u0142 Mi\u015bko, Ph.D.<\/p>\n\n\n\n<p>Tatiana Pasko, Ph.D.<\/p>\n\n\n\n<p>Jerzy Tutaj, Ph.D.<\/p>\n\n\n\n<p>Ievgeniia Golysheva, Ph.D<\/p>\n\n\n\n<p>Krzysztof Zymonik, Ph.D.<\/p>\n\n\n\n<p>Magdalena Kapa\u0142a, Ph.D.<\/p>\n\n\n\n<p>Magdalena \u015alazyk-Sobol, Ph.D.<\/p>\n\n\n\n<p>Piotr Jarco, Ph.D.<\/p>\n\n\n\n<p id=\"block-44310836-427c-4bd4-8d81-d20b3d947051\">Jaros\u0142aw W\u0105si\u0144ski, Ph.D.<\/p>\n\n\n\n<p>Pawe\u0142 Weichbrot, Ph.D<br><\/p>\n\n\n\n<p><strong style=\"color: #fd367e\">SCIENTIFIC COMMITTTEE<\/strong><br><strong>Chair of the Scientific Committee<\/strong><br>Assoc. Prof. Ma\u0142gorzata Rutkowska, DSc PhD Eng., Wroclaw University of Science and Technology, Poland<br>Assoc. Prof. Jolanta Kowal, DSc. PhD., University of Wroclaw, Institute of Psychology, Poland; Vice-President Research at SIG GLOBDEV, AIS, USA<\/p>\n\n\n\n<p><strong>Members of the Scientific Committee<\/strong><\/p>\n\n\n\n<p>Prof. Antonio Diaz Andrade,&nbsp;University of Agder, Norway, AIS, SIG GLOBDEV<br>Assoc. Prof. Pawe\u0142 Bartoszczuk, DSc PhD Eng., SGH Warsaw School of Economics, Poland<br>Assoc. Prof. Agnieszka Becla, DSc PhD Eng., Wroclaw University of Economics and Business, Poland<br>Prof. Micha\u0142 Bia\u0142ek, Ph.D.,&nbsp; University of Wroc\u0142aw, Institute of Psychology, Poland<br>Tijn Borghuis, Ph.D., Eindhoven University of Technology, Netherlands<br>Prof. Stanis\u0142aw Czaja, Ph.D., Wroclaw University of Economics and Business, Poland<br>Assoc. Prof. Aldona Dere\u0144, PhD, Wroclaw University of Science and Technology, Poland<br>Ass. Prof. Ewa Duda, Ph.D.&nbsp;Institute of Education at Maria Grzegorzewska University in Warsaw,&nbsp;Poland<br>Assoc. Prof. Renata Gabryelczyk, PhD University of Warsaw, Poland<br>Prof. Bart\u0142omiej Gawin, Ph.D., Technical University of Gda\u0144sk, Poland<br>Assoc. Prof. Liliana Hawrysz, , DSc PhD Eng., Wroclaw University of Science and Technology, Poland<br>Ass. Prof. Anna Jasi\u0144ska-Biliczak, Ph.D.,&nbsp; Wroclaw University of Science and Technology, Poland<br>Prof. Dr. Fl\u00e1vio de S\u00e3o Pedro Filho, Federal Universityof Rond\u00f4nia, Brazil<br>Ass. Prof. &nbsp;Jaros\u0142aw Klebaniuk, Ph.D., University of Wroc\u0142aw, Poland<br>Assoc. Prof. Dr. Zuzana Kreckova Prague, University of Economics and Business, Czech Republic<br>Assoc. Prof. Barbara Kryk, PhD, University of Szczecin, Poland<br>Prof.&nbsp; Micha\u0142 Kuciapski, Ph.D., University of Gda\u0144sk, Poland<br>Prof.&nbsp; Jerzy Luty, Ph.D., University of Wroc\u0142aw, Poland<br>Prof. W\u0142adys\u0142awa \u0141uczka, , DSc PhD Eng., Uniwersytet Przyrodniczy w Poznaniu, Poland<br>Prof. Ing. Martin Machcek, Ph.D. et Ph.D. , VSB Ostrava, Czech Republic<br>Prof. Zbigniew Malara, , DSc PhD Eng., Wroclaw University of Science and Technology, Poland<br>Assoc. Prof. Silvia Masiero, Ph.D. University of Oslo, Norway, AIS, SIG GLOBDEV<br>Prof. Dr Juho M\u00e4ki\u00f6, Hochschule Emden\/Leer, Germany, AIS<br>Prof. Kesra Nermend, DSc PhD Eng., University of Szczecin, Poland<br>Assoc. Prof. Hanna Obracht-Prondzy\u0144ska, Ph.D., University of Gda\u0144sk, Poland<br>Prof. Emeritus Kweku-Muata Osei-Bryson, Virginia Commonwealth University, USA, AIS, SIG GlobDev<br>Prof. Dr. Eng. Ren\u00e1ta Pak\u0161iov\u00e1, University of Economics in Bratislava, Slovakia<br>Assoc. Prof. Gra\u017cyna Paliwoda-Pi\u0119kosz, PhD, Krakow University of Economics, Poland<br>Assoc. Prof. Joanna Piskorz, Ph.D.,&nbsp;Headmaster at the Institute of Psychology, University of Wroc\u0142aw, Poland<br>Assoc. Prof. \u0141ukasz Pop\u0142awski, DSc PhD Eng., Krakow University of Economics, Poland<\/p>\n\n\n\n<p>Assoc. Prof. Katarzyna Przyby\u0142a, PhD, Wroclaw University of Environmental and Life Science, Poland<br>Prof. Sylwia Przytu\u0142a, PhD Wroclaw University of Science and Technology, Poland<br>Prof. Dr. Susanne Rank, PhD, University of Applied Sciences in Mainz, Germany<br>Assoc. Prof. Rados\u0142aw Ry\u0144ca, , DSc PhD Eng., Wroclaw University of Science and Technology, Poland<br>Prezes Bartosz Samitowski, The Association of Jungian Analysts in Poland (SAJ)<br>Prof. Dr. Viktorija Skvarciany Vilnius Gediminas Technical University<br>Assoc. Prof. Ewa Soja, Ph.D., Krakow University of Economics, Department of Statistics, Poland<br>Assoc. Prof. Piotr Soja, Ph.D., Krakow University of Economics, AIS, PLAIS, SIG GlobDev, Poland<br>Prof. Dr. Ralph Sonntag,\u00a0 HOST\u00a0&#8211; Hochschule Stralsund \u2013 University of Applied Sciences,\u00a0Germany<br>Prof. Jelena Titko, Ph.D., Vice-Rector for Science and International Cooperation, EKA University of Applied Sciences, Riga, Latvia<br>Assoc. Prof. Dr. Eduardo Tom\u00e9, Lus\u00f3fona University in, Lisbon, Portugal<br>Prof. Elzbieta Wojnocka-Sycz, DSc PhD Eng.,University of Gda\u0144sk, Poland<br>Prof. Stan Wiktor, Mercy University in New York, USA<\/p>\n","protected":false},"excerpt":{"rendered":"<p>ORGANIZING COMMITTEE Chairpersons of the Organizing CommitteeAnna Jasi\u0144ska-Biliczak, Ph.D. &nbsp; Eng. Ma\u0142gorzata Pol, Ph.D. Jaros\u0142aw Klebaniuk, Ph.D. Members of the Organizing CommitteeRafa\u0142 Mi\u015bko, Ph.D. Tatiana Pasko, Ph.D. Jerzy Tutaj, Ph.D. Ievgeniia Golysheva, Ph.D Krzysztof Zymonik, Ph.D. Magdalena Kapa\u0142a, Ph.D. Magdalena \u015alazyk-Sobol, Ph.D. Piotr Jarco, Ph.D. Jaros\u0142aw W\u0105si\u0144ski, Ph.D. Pawe\u0142 Weichbrot, Ph.D SCIENTIFIC COMMITTTEEChair of the [&hellip;]<\/p>\n","protected":false},"author":1,"featured_media":0,"parent":0,"menu_order":0,"comment_status":"closed","ping_status":"closed","template":"","meta":{"footnotes":""},"class_list":["post-31","page","type-page","status-publish","hentry"],"_links":{"self":[{"href":"https:\/\/www.ises.pwr.edu.pl\/index.php\/wp-json\/wp\/v2\/pages\/31","targetHints":{"allow":["GET"]}}],"collection":[{"href":"https:\/\/www.ises.pwr.edu.pl\/index.php\/wp-json\/wp\/v2\/pages"}],"about":[{"href":"https:\/\/www.ises.pwr.edu.pl\/index.php\/wp-json\/wp\/v2\/types\/page"}],"author":[{"embeddable":true,"href":"https:\/\/www.ises.pwr.edu.pl\/index.php\/wp-json\/wp\/v2\/users\/1"}],"replies":[{"embeddable":true,"href":"https:\/\/www.ises.pwr.edu.pl\/index.php\/wp-json\/wp\/v2\/comments?post=31"}],"version-history":[{"count":71,"href":"https:\/\/www.ises.pwr.edu.pl\/index.php\/wp-json\/wp\/v2\/pages\/31\/revisions"}],"predecessor-version":[{"id":2547,"href":"https:\/\/www.ises.pwr.edu.pl\/index.php\/wp-json\/wp\/v2\/pages\/31\/revisions\/2547"}],"wp:attachment":[{"href":"https:\/\/www.ises.pwr.edu.pl\/index.php\/wp-json\/wp\/v2\/media?parent=31"}],"curies":[{"name":"wp","href":"https:\/\/api.w.org\/{rel}","templated":true}]}}